factors of 172512957.
3, 17, 3382607
List the prime factors of 945299627.
945299627
List the prime factors of 924521874.
2, 3, 19, 41, 223, 887
What are the prime factors of 72955294?
2, 36477647
List the prime factors of 394026556.
2, 7, 11, 1279307
What are the prime factors of 79104808?
2, 17, 29, 31, 647
What are the prime factors of 1581633966?
2, 3, 11, 1913, 12527
What are the prime factors of 43729173?
3, 1619599
List the prime factors of 225657674.
2, 11, 10257167
What are the prime factors of 88328138?
2, 44164069
List the prime factors of 3391380799.
439, 7725241
List the prime factors of 183863113.
7, 26266159
List the prime factors of 83870687.
83870687
What are the prime factors of 5543969573?
719, 7710667
What are the prime factors of 7098673?
17, 211, 1979
What are the prime factors of 3476513158?
2, 17, 23, 1949, 2281
List the prime factors of 49699770.
2, 3, 5, 1656659
What are the prime factors of 44438519?
349, 127331
What are the prime factors of 179529149?
257, 698557
List the prime factors of 30913566.
2, 3, 5152261
List the prime factors of 111577309.
79, 149, 9479
List the prime factors of 147444440.
2, 5, 11, 13, 149, 173
List the prime factors of 376363987.
271, 1388797
List the prime factors of 119996266.
2, 13, 4615241
List the prime factors of 3955848871.
13, 619, 491593
List the prime factors of 4357992444.
2, 3, 13, 1601, 17449
What are the prime factors of 2241810912?
2, 3, 11, 19, 111733
List the prime factors of 168544318.
2, 1523, 55333
What are the prime factors of 11059477?
11, 13, 77339
List the prime factors of 985119135.
3, 5, 7, 11, 13, 65609
List the prime factors of 29944889.
13, 71, 32443
List the prime factors of 2689877.
2689877
List the prime factors of 201613929.
3, 11, 23, 491, 541
List the prime factors of 43179583.
79, 619, 883
What are the prime factors of 9005994?
2, 3, 500333
List the prime factors of 16740535.
5, 7, 61, 7841
What are the prime factors of 108924671?
108924671
What are the prime factors of 2816599481?
23, 4397, 27851
List the prime factors of 5020543.
11, 31, 14723
List the prime factors of 97674750.
2, 3, 5, 43411
List the prime factors of 944520319.
47, 593, 33889
List the prime factors of 125378748.
2, 3, 11, 107, 269
List the prime factors of 359618123.
3793, 94811
List the prime factors of 4104058780.
2, 5, 89, 2305651
List the prime factors of 464052545.
5, 11, 767029
What are the prime factors of 400351837?
400351837
What are the prime factors of 1884044099?
7, 269149157
What are the prime factors of 1899505978?
2, 211, 4501199
What are the prime factors of 1906034201?
269, 7085629
List the prime factors of 2245639811.
19, 118191569
List the prime factors of 763576284.
2, 3, 17, 43, 61, 1427
What are the prime factors of 174717044?
2, 53, 824137
What are the prime factors of 945357678?
2, 3, 1637, 32083
What are the prime factors of 3542710845?
3, 5, 31, 101, 241, 313
List the prime factors of 41532586.
2, 71, 292483
What are the prime factors of 5147693683?
11, 67, 634969
What are the prime factors of 45169560?
2, 3, 5, 125471
List the prime factors of 772578631.
11, 157, 447353
What are the prime factors of 23695348?
2, 17, 348461
What are the prime factors of 145961763?
3, 41, 1031, 1151
List the prime factors of 163821153.
3, 54607051
What are the prime factors of 2806335871?
251, 11180621
List the prime factors of 2627726862.
2, 3, 23, 1117, 17047
List the prime factors of 267964112.
2, 13, 661, 1949
List the prime factors of 22417830.
2, 3, 5, 79, 1051
List the prime factors of 411006668.
2, 103, 997589
List the prime factors of 28176856.
2, 173, 20359
List the prime factors of 4992663713.
3299, 1513387
List the prime factors of 311850080.
2, 5, 31, 62873
List the prime factors of 69880721.
59, 139, 8521
List the prime factors of 3073147647.
3, 17, 19, 199, 15937
What are the prime factors of 2228497270?
2, 5, 19, 3089, 3797
List the prime factors of 76763051.
76763051
List the prime factors of 210651296.
2, 23, 157, 1823
List the prime factors of 85369426.
2, 2113, 20201
List the prime factors of 2016410954.
2, 43, 23446639
List the prime factors of 52681718.
2, 19, 1386361
What are the prime factors of 265141942?
2, 13, 883, 11549
What are the prime factors of 1653373690?
2, 5, 53, 3119573
List the prime factors of 966786517.
16319, 59243
List the prime factors of 503058912.
2, 3, 5240197
List the prime factors of 628457058.
2, 3, 34914281
List the prime factors of 1066617399.
3, 59, 6026087
List the prime factors of 93057341.
13, 7158257
List the prime factors of 36595733.
36595733
What are the prime factors of 295620862?
2, 109, 1356059
What are the prime factors of 88417699?
3347, 26417
List the prime factors of 53300399.
1453, 36683
List the prime factors of 3057632475.
3, 5, 19, 2145707
List the prime factors of 4111534665.
3, 5, 7, 13052491
List the prime factors of 487446970.
2, 5, 113, 431369
List the prime factors of 164312620.
2, 5, 971, 8461
List the prime factors of 1110203886.
2, 3, 11, 137, 199, 617
What are the prime factors of 373414508?
2, 37, 2523071
What are the prime factors of 179423530?
2, 5, 11, 13, 125471
List the prime factors of 3062554602.
2, 3, 37, 13795291
What are the prime factors of 71557419?
3, 23852473
What are the prime factors of 219096897?
3, 73032299
List the prime factors of 499201188.
2, 3, 37, 67, 97, 173
What are the prime factors of 53345557?
53345557
List the prime factors of 1652216928.
2, 3, 373, 46141
What are the prime factors of 6634237041?
3, 27301387
List the prime factors of 2668934046.
2, 3, 444822341
What are the prime factors of 2593443180?
2, 3, 5, 103, 419651
What are the prime factors of 172336218?
2, 3, 89, 322727
What are the prime factors of 52211949?
3, 17403983
List the prime factors of 266004667.
266004667
What are the prime factors of 989752654?
2, 11, 4089887
What are the prime factors of 97440396?
2, 3, 17, 28097
What are the prime factors of 314162999?
2617, 120047
List the prime factors of 447767089.
7, 11, 547, 10631
List the prime factors of 139992078.
2, 3, 67, 348239
List the prime factors of 204979287.
3, 1459, 46831
List the prime factors of 588535909.
13, 3482461
List the prime factors of 1264945865.
5, 197, 1284209
What are the prime factors of 1574354150?
2, 5, 787, 40009
List the prime factors of 2520352152.
2, 3, 11668297
List the prime factors of 1271802.
2, 3, 7, 107, 283
List the prime factors of 306699431.
17, 257, 70199
What are the prime factors of 1576290775?
5, 43, 1466317
What are the prime factors of 82460953?
157, 433, 1213
What are the prime factors of 117154175?
5, 97, 48311
List the prime factors of 1700467.
157, 10831
List the prime factors of 247014309.
3, 82338103
List the prime factors of 926598311.
17, 53, 1028411
What are the prime factors of 2531201003?
2531201003
What are the prime factors of 224363708?
2, 37, 1515971
List the prime factors of 469516581.
3, 19, 101693
List the prime factors of 301539890.
2, 5, 23, 1311043
List the prime factors of 494285683.
494285683
What are the prime factors of 99268613?
5647, 17579
List the prime factors of 142893591.
3, 757, 62921
List the prime factors of 1514462522.
2, 149, 5082089
What are the prime factors of 2037918885?
3, 5, 29, 89, 52639
What are the prime factors of 248072091?
3, 82690697
What are the prime factors of 403437008?
2, 13, 43, 1049
List the prime factors of 2921325523.
359, 8137397
List the prime factors of 45560690.
2, 5, 7, 37, 359
What are the prime factors of 61974937?
1237, 50101
What are the prime factors of 43522502?
2, 19, 1145329
What are the prime factors of 37471054?
2, 18735527
What are the prime factors of 4364548797?
3, 7, 207835657
List the prime factors of 4029863084.
2, 13, 29, 2672323
List the prime factors of 18198790.
2, 5, 1819879
What are the prime factors of 1383006374?
2, 59, 1997, 5869
List the prime factors of 15979018.
2, 11, 66029
List the prime factors of 188542.
2, 31, 3041
What are the prime factors of 281521882?
2, 131, 1074511
List the prime factors of 267554401.
83, 3223547
List the prime factors of 126588634.
2, 1877, 33721
What are the prime factors of 123403956?
2, 3, 13, 107, 7393
What are the prime factors of 63871903?
83, 769541
List the prime factors of 7